{"id":148,"date":"2016-05-21T18:34:58","date_gmt":"2016-05-21T16:34:58","guid":{"rendered":"http:\/\/patrimoine-industriel-et-moulins.eu\/?page_id=148"},"modified":"2016-12-20T15:57:42","modified_gmt":"2016-12-20T14:57:42","slug":"expositions","status":"publish","type":"page","link":"http:\/\/patrimoine-industriel-et-moulins.eu\/?page_id=148","title":{"rendered":"Expositions"},"content":{"rendered":"<p style=\"text-align: justify;\"><img loading=\"lazy\" class=\"alignleft size-full wp-image-626\" src=\"http:\/\/patrimoine-industriel-et-moulins.eu\/wp-content\/uploads\/2016\/05\/Meule_350.jpg\" alt=\"meule_350\" width=\"350\" height=\"230\" srcset=\"http:\/\/patrimoine-industriel-et-moulins.eu\/wp-content\/uploads\/2016\/05\/Meule_350.jpg 350w, http:\/\/patrimoine-industriel-et-moulins.eu\/wp-content\/uploads\/2016\/05\/Meule_350-300x197.jpg 300w\" sizes=\"(max-width: 350px) 100vw, 350px\" \/><\/p>\n<p style=\"text-align: justify;\">Sp\u00e9cialiste du patrimoine industriel et des moulins, j&rsquo;effectue les recherches documentaires et des entretiens avec les personnes ressources. Je recherche les textes, documents iconographiques, destin\u00e9s \u00e0 la r\u00e9alisation de l\u2019exposition. Je synth\u00e9tise l\u2019information de fa\u00e7on \u00e0 ce qu\u2019elle soit pr\u00e9cise et adapt\u00e9e \u00e0 tous publics. Je r\u00e9alise aussi des photos et des documents graphiques sp\u00e9cifiques.<br \/>\n.<\/p>\n<ul style=\"text-align: justify;\">\n<li><strong>2013 : Les moulins du Carladez aveyronnais (fixe)<br \/>\n<\/strong>Au moulin de Bur\u00e9e. pour la commune de Brommat<strong>.<br \/>\n<\/strong>Recherche et fourniture documentaire sp\u00e9cialis\u00e9es, conseils scientifiques.<strong><br \/>\n<\/strong><\/li>\n<\/ul>\n<ul style=\"text-align: justify;\">\n<li><strong>2003 : MOULINS D\u2019ARDECHE (itin\u00e9rante) en collaboration<\/strong><br \/>\nPour le Parc Naturel R\u00e9gional des Monts d\u2019Ard\u00e8che : Moulin de Mandy (commune de Pranles).<br \/>\nRecherches documentaires sp\u00e9cialis\u00e9es et conseil scientifique.<\/li>\n<\/ul>\n<ul style=\"text-align: justify;\">\n<li><strong>1999 : MOULINS DE LA FOUX DE LA VIS (fixe)<\/strong><br \/>\nPour la commune de Vissec (Gard)<br \/>\nConception de 12 panneaux plastifi\u00e9s (600 x 800), pr\u00e9sentant la sp\u00e9cificit\u00e9 de ces moulins, leurs histoire, leurs m\u00e9canismes, architecture, environnement, utilisation, etc.<\/li>\n<\/ul>\n<ul style=\"text-align: justify;\">\n<li><strong>1996 : MOULINS DU ROUERGUE (itin\u00e9rante)<\/strong><br \/>\nPour l\u2019Association Rouergate des Amis des Moulins (ARAM)<br \/>\nConception et r\u00e9alisation de 28 panneaux th\u00e9matiques plastifi\u00e9s (600 x 800), pr\u00e9sentant la vari\u00e9t\u00e9 des sites de moulins, leur histoire, leurs m\u00e9canismes, architecture, environnement, utilisation, leur avenir. la documentation est directement issue de mes travaux de th\u00e8se sur l&rsquo;ensemble du d\u00e9partement de l&rsquo;Aveyron.<\/li>\n<\/ul>\n<ul>\n<li style=\"text-align: justify;\"><strong>1986 : MOULINS DE L\u2019AVEYRON (temporaire)<\/strong><br \/>\nExposition temporaire s\u2019appuyant sur la recherche d\u2019inventaire des moulins que j&rsquo;ai effectu\u00e9e en 1985 et 1986, sur la haute vall\u00e9e de l\u2019Aveyron. Elle concerne la rivi\u00e8re Aveyron en Amont de Rodez. Photographies en noir et blanc.<br \/>\nMus\u00e9e du Rouergue. Salles-la-Source. Juillet et Ao\u00fbt 1986. Catalogue d\u2019exposition. 27 pages (n.p.) (dessins et plans de l\u2019auteur).<\/li>\n<\/ul>\n","protected":false},"excerpt":{"rendered":"<p>Sp\u00e9cialiste du patrimoine industriel et des moulins, j&rsquo;effectue les recherches documentaires et des entretiens avec les personnes ressources. Je recherche les textes, documents iconographiques, destin\u00e9s \u00e0 la r\u00e9alisation de l\u2019exposition. Je synth\u00e9tise l\u2019information de fa\u00e7on \u00e0 ce qu\u2019elle soit pr\u00e9cise et adapt\u00e9e \u00e0 tous publics. Je r\u00e9alise aussi des photos et des documents graphiques sp\u00e9cifiques. [&hellip;]<\/p>\n","protected":false},"author":1,"featured_media":0,"parent":0,"menu_order":0,"comment_status":"closed","ping_status":"closed","template":"","meta":[],"_links":{"self":[{"href":"http:\/\/patrimoine-industriel-et-moulins.eu\/index.php?rest_route=\/wp\/v2\/pages\/148"}],"collection":[{"href":"http:\/\/patrimoine-industriel-et-moulins.eu\/index.php?rest_route=\/wp\/v2\/pages"}],"about":[{"href":"http:\/\/patrimoine-industriel-et-moulins.eu\/index.php?rest_route=\/wp\/v2\/types\/page"}],"author":[{"embeddable":true,"href":"http:\/\/patrimoine-industriel-et-moulins.eu\/index.php?rest_route=\/wp\/v2\/users\/1"}],"replies":[{"embeddable":true,"href":"http:\/\/patrimoine-industriel-et-moulins.eu\/index.php?rest_route=%2Fwp%2Fv2%2Fcomments&post=148"}],"version-history":[{"count":16,"href":"http:\/\/patrimoine-industriel-et-moulins.eu\/index.php?rest_route=\/wp\/v2\/pages\/148\/revisions"}],"predecessor-version":[{"id":633,"href":"http:\/\/patrimoine-industriel-et-moulins.eu\/index.php?rest_route=\/wp\/v2\/pages\/148\/revisions\/633"}],"wp:attachment":[{"href":"http:\/\/patrimoine-industriel-et-moulins.eu\/index.php?rest_route=%2Fwp%2Fv2%2Fmedia&parent=148"}],"curies":[{"name":"wp","href":"https:\/\/api.w.org\/{rel}","templated":true}]}}