{"id":19,"date":"2016-04-30T17:54:17","date_gmt":"2016-04-30T15:54:17","guid":{"rendered":"http:\/\/patrimoine-industriel-et-moulins.eu\/?page_id=19"},"modified":"2017-01-22T06:46:42","modified_gmt":"2017-01-22T05:46:42","slug":"assistance-et-maitrise-douvrage-publique-et-prive","status":"publish","type":"page","link":"https:\/\/patrimoine-industriel-et-moulins.eu\/?page_id=19","title":{"rendered":"Assistance \u00e0 ma\u00eetrise d&rsquo;ouvrage publique et priv\u00e9e"},"content":{"rendered":"<p><img loading=\"lazy\" class=\"size-medium wp-image-265 alignleft\" src=\"http:\/\/patrimoine-industriel-et-moulins.eu\/wp-content\/uploads\/2016\/04\/saint_pierre_400-300x194.jpg\" alt=\"saint_pierre_400\" width=\"300\" height=\"194\" srcset=\"https:\/\/patrimoine-industriel-et-moulins.eu\/wp-content\/uploads\/2016\/04\/saint_pierre_400-300x194.jpg 300w, https:\/\/patrimoine-industriel-et-moulins.eu\/wp-content\/uploads\/2016\/04\/saint_pierre_400.jpg 400w\" sizes=\"(max-width: 300px) 100vw, 300px\" \/><\/p>\n<p>&nbsp;<\/p>\n<p><img loading=\"lazy\" class=\"size-medium wp-image-256 alignnone\" src=\"http:\/\/patrimoine-industriel-et-moulins.eu\/wp-content\/uploads\/2016\/04\/bromat_400-300x199.jpg\" alt=\"bromat_400\" width=\"300\" height=\"199\" srcset=\"https:\/\/patrimoine-industriel-et-moulins.eu\/wp-content\/uploads\/2016\/04\/bromat_400-300x199.jpg 300w, https:\/\/patrimoine-industriel-et-moulins.eu\/wp-content\/uploads\/2016\/04\/bromat_400.jpg 400w\" sizes=\"(max-width: 300px) 100vw, 300px\" \/><\/p>\n<p style=\"text-align: justify;\"><strong>Je propose toute une gamme de conseils et de services sp\u00e9cialis\u00e9s s\u2019\u00e9chelonnant de la phase d\u2019\u00e9tat des lieux, diagnostic, APS, le conseil \u00e0 la restauration, la valorisation culturelle du bien, du site, \u00e0 la mise en place d\u2019outils de gestion.<\/strong><\/p>\n<p>&nbsp;<\/p>\n<p>&nbsp;<\/p>\n<p>&nbsp;<\/p>\n","protected":false},"excerpt":{"rendered":"<p>&nbsp; Je propose toute une gamme de conseils et de services sp\u00e9cialis\u00e9s s\u2019\u00e9chelonnant de la phase d\u2019\u00e9tat des lieux, diagnostic, APS, le conseil \u00e0 la restauration, la valorisation culturelle du bien, du site, \u00e0 la mise en place d\u2019outils de gestion. &nbsp; &nbsp; &nbsp;<\/p>\n","protected":false},"author":1,"featured_media":0,"parent":0,"menu_order":0,"comment_status":"closed","ping_status":"closed","template":"","meta":[],"_links":{"self":[{"href":"https:\/\/patrimoine-industriel-et-moulins.eu\/index.php?rest_route=\/wp\/v2\/pages\/19"}],"collection":[{"href":"https:\/\/patrimoine-industriel-et-moulins.eu\/index.php?rest_route=\/wp\/v2\/pages"}],"about":[{"href":"https:\/\/patrimoine-industriel-et-moulins.eu\/index.php?rest_route=\/wp\/v2\/types\/page"}],"author":[{"embeddable":true,"href":"https:\/\/patrimoine-industriel-et-moulins.eu\/index.php?rest_route=\/wp\/v2\/users\/1"}],"replies":[{"embeddable":true,"href":"https:\/\/patrimoine-industriel-et-moulins.eu\/index.php?rest_route=%2Fwp%2Fv2%2Fcomments&post=19"}],"version-history":[{"count":13,"href":"https:\/\/patrimoine-industriel-et-moulins.eu\/index.php?rest_route=\/wp\/v2\/pages\/19\/revisions"}],"predecessor-version":[{"id":687,"href":"https:\/\/patrimoine-industriel-et-moulins.eu\/index.php?rest_route=\/wp\/v2\/pages\/19\/revisions\/687"}],"wp:attachment":[{"href":"https:\/\/patrimoine-industriel-et-moulins.eu\/index.php?rest_route=%2Fwp%2Fv2%2Fmedia&parent=19"}],"curies":[{"name":"wp","href":"https:\/\/api.w.org\/{rel}","templated":true}]}}